Determine f(n).
-9
Let v = -23 + 33. Suppose 16 = -6*d + v*d. Let y(p) = p**3 - 3*p**2 - 5. What is y(d)?
11
Let s(i) = -2*i - 3. Let a(x) = 6*x + 8. Suppose 2*l = -4*w + 54, -7*w + 4*w + 43 = 2*l. Let n(t) = w*s(t) + 4*a(t). Calculate n(-5).
-11
Let g(q) = 2*q**2 - 2*q + 2. Let i be g(0). Let p(f) = -3*f**3 + f**2 - f - 4. Let n(x) = -4*x**3 + x**2 - 2*x - 5. Let k(h) = i*n(h) - 3*p(h). Calculate k(2).
4
Let a(m) be the third derivative of -m**4/24 - 3*m**3/2 + m**2 + 34*m. Determine a(-6).
-3
Let q(g) = g**3 - 4*g**2 - g + 3. Let a be 13/(16/4 + -3). Suppose -12 = -a*n + 9*n. Determine q(n).
-9
Let d(n) = -4*n**2 + 11*n - 3. Let v(g) = 2*g**2 - 5*g + 1. Let z(p) = p - 1. Let t be z(-3). Let i(q) = t*d(q) - 9*v(q). Determine i(3).
-12
Let w(m) = m**3 - m**2 + 5. Let h = -172 - -105. Let y = h - -47. Let r = y - -20. What is w(r)?
5
Let x(t) = 14*t + t**2 + 0*t**3 + 0*t**3 - 3*t**3 + 2 - 11*t. Let q = 23 - 25. Give x(q).
24
Let g = 32 + -37. Let h be 0 + 1 + g - -18. Let q(u) = -h*u + 7 + 7*u + 6*u. What is q(6)?
1
Let z = 36 - 36. Suppose 2*v + b = -z*b + 9, -5*v = -2*b - 18. Suppose 3*x - 2*o = -0*o + 28, -10 = -5*x - v*o. Let a(h) = h**2 - 4*h - 7. What is a(x)?
5
Suppose 0*t + 18 = 3*t. Let i(g) = -7*g + 0*g**2 + 2 - 1 + g**2. What is i(t)?
-5
Let d(i) = i**3 + 14*i**2 + 14*i + 5. Let o be ((-1638)/(-189))/(2/(-3)). What is d(o)?
-8
Let t(w) = w**3 + 12*w**2 + 13*w + 5. Let j be t(-11). Let u = 17 + j. Suppose 3*s + 3 = -u*s. Let a(k) = -4*k**2 + 2*k + 1. Determine a(s).
-5
Let d(q) = q**3 + 7*q**2 + q - 24. Let r be d(-6). Let k(u) = -3*u - 5. What is k(r)?
-23
Let y(t) = -t**2 - 3*t - 1. Let z be (-38)/(-9) - (-4)/(-18). Suppose -5*k + 10 = 4*u, -6*u + 4 = 3*k - z*u. Determine y(k).
1
Let f = -4 + 4. Suppose f = -5*l - 44 - 1. Let q(v) = -v - 2. Calculate q(l).
7
Let l(v) = -2*v + 1. Let c(f) = -f**3 - 9*f**2 - 3*f - 7. Let q be c(-9). Let u = 21 - q. Suppose u + 11 = -3*d. Calculate l(d).
9
Let h(n) = -7*n - 11. Let c(w) = -3*w - 8. Let p(k) = 4*c(k) - 3*h(k). Suppose -3*q = 7 - 4. What is p(q)?
-8
Let k(x) be the first derivative of x**4/4 - x**3 + x**2 - 3*x + 1. Let z = 1658 - 1656. What is k(z)?
-3
Let r = -159/4 + 239/6. Let a(g) be the second derivative of r*g**4 - 7*g + 0 - 2/3*g**3 + 0*g**2. What is a(5)?
5
Let t be (2 - 4 - -28) + -1. Suppose -4*c = -9*c + t. Suppose c*m + 38 = 4*g, 3*m = 8*m + 4*g + 22. Let q(h) = h**2 + 7*h + 4. Give q(m).
-2
Let u(c) = -c - 1. Suppose -14*g + 9 + 131 = 0. Determine u(g).
-11
Suppose 4*j + 1237 = 5*t + 227, -748 = 3*j + t. Let n be j/90 - (-2)/(-9). Let r(w) be the second derivative of w**5/20 + w**4/4 - w**3/3 + w. Calculate r(n).
6
Let m(v) be the third derivative of v**6/120 - v**5/12 + v**4/8 + 2*v**3/3 - 83*v**2. Let y = -8 + 14. Suppose t + 20 = y*t. Determine m(t).
0
Let o = 93 - 93. Let w(i) = -i + 15 + i**3 - 6 + i**2 + 12. What is w(o)?
21
Let h = 117 - 210. Let y = -97 - h. Let w(v) = -2*v + 5. What is w(y)?
13
Let h(u) = -2*u. Suppose 0 = g - 38 + 41. Give h(g).
6
Let l = -32 + 36. Suppose -2*k + y + 11 = 2*k, 4*y = l*k - 20. Let i(o) = o + 4 + 7*o - k*o + o**2. Calculate i(-5).
-1
Let r(s) = -s**2 + 2*s + 1. Suppose -u + 32 = 3*z, -86 = -7*u + 3*u + 2*z. Let w = u + -18. Determine r(w).
-14
Suppose 5*p = 4 + 6. Let a(k) be the first derivative of k**3/3 - 3. Give a(p).
4
Let y(t) = t**2 - 7*t + 7. Let m be 0 + 3 - (-8)/8. Suppose j - 3*j = -m*i + 70, 2*i - 5*j = 31. Suppose 0 = -x - 2*x + i. Determine y(x).
1
Let s be (1/2)/(13/78). Let w(x) = 1 - 2*x**2 - 2 + x**2 + 0 + s*x. Calculate w(2).
1
Let n(u) = u - 5. Let q be (4/5)/((-58)/(-435)). Give n(q).
1
Let m(n) = -n**3 + n**2 + n + 2. Let u(v) = 4*v**3 + 3*v**2 - 20*v - 12. Let o(t) = 3*m(t) + u(t). What is o(-8)?
2
Suppose 10 = 2*s + 3*s. Suppose 0 = 5*a - x + 15, -5*a - x + 5 = s*x. Let q(l) = l**3 + 2*l**2 + l - 1. Calculate q(a).
-3
Let q = -3 - -7. Let o be ((-4)/(-6))/(q/30). Let d(p) = p + 23. Let l(n) = -3*n - 44. Let w(v) = -2*d(v) - l(v). Give w(o).
3
Let o(b) = b + 13. Let z(w) = -w**2 + w + 123. Let c be z(12). Calculate o(c).
4
Let y(g) = -g - 7. Suppose 0 = h - 4*z + 4, -4*h - z - 3*z = -24. Suppose -3*d + 4*d + 2*v = -2, 0 = -5*d - 4*v - h. Give y(d).
-7
Let y(d) be the third derivative of d**6/120 - d**5/60 + d**4/24 - 13*d**3/2 - 21*d**2 - 4. Give y(0).
-39
Let d(l) = -2*l**3 + 141*l**2 - 74*l + 281. Let c be d(70). Let w(p) = -3*p**2 - 2*p**2 - p**3 + 6*p**2. Give w(c).
0
Let g(i) = -21*i - 21. Let q(s) = -4*s - 4. Let j(c) = -2*g(c) + 11*q(c). Let n be (0 + 1)/(3/((-72)/(-3))). Suppose 0 = n*u + 16. Determine j(u).
2
Let c(i) = i**2 + 6*i - 4. Let k be c(-6). Let d(o) be the second derivative of 13 - 1/3*o**3 - 1/12*o**4 + 2*o**2 - 2*o. Calculate d(k).
-4
Let t(z) = 2*z**3 - 2*z**2 + z - 1. Suppose -7*j + 64 = 50. What is t(j)?
9
Let c(w) = -w + 6. Let o(p) = -p**3 - 2*p**2 + 3*p - 4. Let x be o(-3). What is c(x)?
10
Suppose 20 = 5*w - 0. Let r(m) = -m**3 + 4*m**2 + 2*m - 6. Let s be r(4). Let v(z) = 0*z - 7 - w*z**2 + z**3 - 2*z**3 + 8*z + 9*z**s. Give v(6).
5
Let x be (-3)/(-27) - 3/27. Suppose x = 4*z + 4*v, v - 7 = -2. Let j(i) = -2*i**2 + 4*i**2 + 4*i**2 + 5*i + i**3. Determine j(z).
0
Let n = -84 - -78. Let g(a) = -a**2 + 4*a. Let k be g(5). Let t = k - n. Let r(x) = -2*x + 1. What is r(t)?
-1
Let d be (-5)/2 + 2/(-4). Let u(m) be the first derivative of -m**3 - 5*m**2/2 - 4*m + 645. Calculate u(d).
-16
Let k(l) = -l**2 + 3*l + 1. Let w be k(-2). Let r(p) = -p - 7. Let h be r(w). Let a(o) = -3*o + o - 1 + o**h + o. What is a(-2)?
5
Suppose -68*p + 87 = -1001. Let d(t) = t**2 - 14*t - 2. Calculate d(p).
30
Let v = 12 - 23. Let r(k) = -k**2 - 11*k - 1. What is r(v)?
-1
Let s be -8*(-1)/4 + 1*4. Suppose -6*b + 10*b + 32 = -3*x, 2*b - s = 4*x. Let q(h) be the third derivative of -h**5/60 - h**4/8 - h**3/2 - h**2. Determine q(b).
-13
Suppose x + 77 = 3*v + v, 0 = 5*v - 4*x - 99. Let b(g) = -g + 17. Calculate b(v).
-2
Let s(r) = -r**3 + r**2. Let p = 36 + -33. Suppose -p = 15*j - 12*j. Calculate s(j).
2
Let f be (-1)/((-1)/(24/4 - 1)). Let k(y) = -2*y**2 - 4*y - f*y + 9*y. Give k(3).
-18
Let a(u) = 4*u**3 + 9*u**2 + u + 6. Suppose 0 = 2*m + 2 - 8. Let r = -2 - -4. Let q(d) = -3*d**3 - 8*d**2 - d - 5. Let b(v) = m*q(v) + r*a(v). Give b(-6).
3
Let v = -5 + 3. Let y be 2 - (v - 1)/3. Let d(i) = 3 - y + 2 - i**2 + 3 - 3*i. What is d(-4)?
1
Let o(k) = -k**3 + 4*k**2 - 2*k + 1. Let g = 126 + -87. Let t = -35 + g. Give o(t).
-7
Let n(b) = -b**2 - 9*b + 12. Let l be n(-10). Let z(k) = k**2 - l*k - 6*k**2 - k**3 + 6 + 11*k**2. Determine z(6).
-6
Let b = 2325 + -2328. Let x(i) = -i**3 - 5*i**2 - 10*i - 1. Calculate x(b).
11
Let x(d) = 9*d - 13. Let u be x(2). Let w(s) = 3*s**2 + 6*s - 5. Let g(j) = -8*j**2 - 18*j + 15. Let o(z) = 4*g(z) + 11*w(z). Give o(u).
0
Suppose -r + 0*r = -2. Let q(v) be the first derivative of -v**3 - v + 1/4*v**4 - 16 + 3/2*v**2. Give q(r).
1
Let d be (6 - -14) + 1 + 2. Suppose -4*w - 5 - d = 0. Let o(p) = p**2 + 6*p - 1. Determine o(w).
6
Let i be (-1 - -1)/((-8)/4). Let v be (2 - -6 - i) + 2 + -3. Let x(a) = 2*a - 9. Determine x(v).
5
Let p(r) be the first derivative of -3*r**5/20 - r**4/4 - r**3/3 - 3*r**2/2 + 13*r - 9. Let g(l) be the first derivative of p(l). Calculate g(-2).
13
Let o(k) = -2*k**2 - 20*k + 23. Let q be o(-11). Let z(w) = 8*w**3 - w**2 + 2*w - 1. Give z(q).
8
Let l(y) = -y**2 + 5*y + 3. Let x(a) = 5*a + 13. Let z(t) = -56*t - 144. Let c(j) = -68*x(j) - 6*z(j). Let q be c(-6). Determine l(q).
7
Let l(z) be the first derivative of 15 + 5*z - 1/4*z**4 - 3/2*z**2 + 4/3*z**3. Calculate l(4).
-7
Let f(y) = y**3 - 6*y**2 + 4*y + 6. Let p be f(5). Let o = 7 + -7. Let s(x) = 6*x**2 + o*x - 15*x**2 + x. What is s(p)?
-8
Suppose 29 + 11 = 10*f. Let k(h) = 23*h**2 - 11*h**2 - 10*h**2 + f*h - h. Calculate k(-2).
2
Let o(h) = 3*h + 1 + 1 - 6 - 288*h**3 + 287*h**3. Give o(3).
-22
Let h(x) = -4*x + 34 + 32 - 61 + x**2. Let g be h(3). Let t(b) = -2*b**3 + b - 1. Calculate t(g).
-15
Let x(q) = -q**3 + 6*q**2 - 3*q - 7. Let d be x(5). Let f(g) = -22 - d*g - g**2 + 14 - 4*g. Calculate f(-6).
-2
Let d(x) be the second derivative of x**3/3 - 5*x**2/2 + 155*x. Calculate d(3).
1
Let w(t) be the second derivative of t**5/20 - t**4/2 + 2*t**3/3 + t**2 + 382*t. What is w(4)?
-14
Let c(i) = 148*